n base 5, what is -4441424 + 1330?
-4440044
In base 3, what is -20001011012 + -111?
-20001011200
In base 4, what is -30233 + -11311133?
-12002032
In base 10, what is -64146 - -869?
-63277
In base 8, what is -112363 - 75?
-112460
In base 3, what is 1220200210 + 10022?
1220211002
In base 3, what is -112011102201 - -2?
-112011102122
In base 16, what is 12b + -347eb?
-346c0
In base 7, what is 116 - -6345034?
6345153
In base 9, what is -117 + 2132601?
2132473
In base 7, what is 302466103 + 63?
302466166
In base 12, what is -b2 - 76145?
-76237
In base 5, what is 20300 + -304122?
-233322
In base 6, what is -540211 - -2033?
-534134
In base 6, what is 144 - -4431302?
4431450
In base 12, what is 46133153 + 2?
46133155
In base 9, what is -1324 + 12362?
11037
In base 9, what is 1436 + -487?
838
In base 7, what is 333 - 524036?
-523403
In base 2, what is -100011000100100011 + 1011101000?
-100010111000111011
In base 11, what is -75 + -12a777?
-12a841
In base 8, what is -1506010333 - -1?
-1506010332
In base 11, what is -3 + -15800665?
-15800668
In base 5, what is -10124011 - -43?
-10123413
In base 10, what is -10 - -339938?
339928
In base 4, what is 2000301 - -310212?
2311113
In base 4, what is -3013202231 + 1122?
-3013201103
In base 15, what is 46c - -2cb1?
322d
In base 5, what is -211440224413 + -3?
-211440224421
In base 8, what is 2171564 + -11?
2171553
In base 3, what is -121200210111211221 - 0?
-121200210111211221
In base 14, what is 51c7 - 218?
4dad
In base 2, what is 1000 + 100101010011111110000?
100101010011111111000
In base 7, what is 14625111 - 166?
14624612
In base 16, what is d6 - a675?
-a59f
In base 8, what is 3772 + 356156?
362150
In base 5, what is 2222110 - 1300?
2220310
In base 6, what is -300 - 3441304?
-3442004
In base 2, what is -10011010011001000101101010 + -110?
-10011010011001000101110000
In base 15, what is 2 - cedd?
-cedb
In base 7, what is -460000421 + 15?
-460000403
In base 9, what is 1227 + -62537?
-61310
In base 10, what is -58 - -45502?
45444
In base 14, what is -14a10 - -c6?
-14928
In base 7, what is -1324 - -1215?
-106
In base 16, what is -36d890 + 2?
-36d88e
In base 8, what is 5 - -1102446?
1102453
In base 12, what is -142 - -143430?
1432aa
In base 8, what is 1 + 51006717?
51006720
In base 3, what is 1021210202210210 + 1?
1021210202210211
In base 11, what is 7 - -215020?
215027
In base 10, what is 45348 + 1085?
46433
In base 2, what is -1011101000010111001001100110 - 10?
-1011101000010111001001101000
In base 16, what is -3cf5 - -193?
-3b62
In base 9, what is -11124027 + 0?
-11124027
In base 15, what is -2071 + 1140?
-e31
In base 5, what is -2404101 + -440?
-2410041
In base 11, what is 5332 - 14245?
-9a13
In base 16, what is -5 + 1cb6343?
1cb633e
In base 15, what is 1c3d64 - -9?
1c3d6d
In base 9, what is -385 + -26780?
-27275
In base 7, what is -4542 + -242124?
-246666
In base 3, what is -1120 - -22212101121?
22212100001
In base 2, what is 110111000101111000 + 110?
110111000101111110
In base 7, what is 30022 + -14205?
12514
In base 14, what is -13809a4 + 2?
-13809a2
In base 13, what is -134c8 + -1195?
-14690
In base 10, what is -10839011 + 16?
-10838995
In base 16, what is -5f9 + -2b7?
-8b0
In base 7, what is -12602235660 + 4?
-12602235653
In base 2, what is -1000 + 1001001111010100100101?
1001001111010100011101
In base 9, what is 277 + 663086?
663374
In base 13, what is 5 - -63962c4?
63962c9
In base 5, what is 10430341300 - -3?
10430341303
In base 4, what is 20 + -1011123210210?
-1011123210130
In base 3, what is 1 + 1021101210201201?
1021101210201202
In base 9, what is 11488061 + -3?
11488057
In base 13, what is 4 + 7906c12?
7906c16
In base 15, what is 33a450 + -155?
33a2ea
In base 14, what is -536 - -3ddb?
38a5
In base 11, what is 41 - 27603?
-27572
In base 6, what is 32 - -3140345145?
3140345221
In base 15, what is a1 + -35371?
-352c0
In base 12, what is 0 - 88373a?
-88373a
In base 15, what is -2e3ad92 - 0?
-2e3ad92
In base 8, what is -45 - 4344150?
-4344215
In base 3, what is -10 + 1001210021201021?
1001210021201011
In base 14, what is b - 4b931a?
-4b930d
In base 10, what is 4 + 3508722?
3508726
In base 3, what is -200100 + -102002012211?
-102002220011
In base 5, what is -1300 - 1310013?
-1311313
In base 11, what is -23 + -1a2a15?
-1a2a38
In base 10, what is -1 - 4059048?
-4059049
In base 12, what is 1 - -1a40911?
1a40912
In base 9, what is -121717432 + -5?
-121717437
In base 4, what is -21333100222 - 13?
-21333100301
In base 16, what is 46b3bf + -bb?
46b304
In base 13, what is -7 - -18ca65?
18ca5b
In base 14, what is 529 - 1b31b?
-1abd2
In base 16, what is -42 + 197425?
1973e3
In base 7, what is 236226 + 16004?
255233
In base 12, what is 4 - 580134a?
-5801346
In base 3, what is -1022022212220002 - -1?
-1022022212220001
In base 7, what is 3663314 - 4346?
3655635
In base 2, what is -101110100100010 - -1110010001?
-101100110010001
In base 12, what is -243 - 4060?
-42a3
In base 6, what is -3213234331 + 11?
-3213234320
In base 7, what is -106561 + 122044?
12153
In base 3, what is 212011211 + -20101?
211221110
In base 15, what is -365e + 3a82?
423
In base 2, what is -110 + 111100100101000010110?
111100100101000010000
In base 6, what is -1014213 - 10340?
-1024553
In base 9, what is -17460340 + 4?
-17460335
In base 12, what is 5054655 + 5?
505465a
In base 11, what is 1701 + 1a25?
3626
In base 3, what is 2010101102020 + -11201?
2010101020112
In base 14, what is -33da491 - 5?
-33da496
In base 2, what is 101 + -101001010110001100010?
-101001010110001011101
In base 2, what is 11101001 + 110001101101?
110101010110
In base 16, what is 287 - -1b7?
43e
In base 7, what is 114212 - 33544?
50335
In base 4, what is -3011 - 20133130?
-20202201
In base 4, what is 3213232023110 - -11?
3213232023121
In base 15, what is cd + 7641b?
764e9
In base 2, what is -101100011000011101 + -10000111?
-101100011010100100
In base 3, what is 111212210222010201 + -10?
111212210222010121
In base 3, what is -2102 + 202110012222001?
202110012212122
In base 11, what is 276 + -869a74?
-8697a9
In base 7, what is 1 + 162623323?
162623324
In base 4, what is -112 - 332110302210?
-332110302322
In base 6, what is -3 - 1005142?
-1005145
In base 5, what is 11441424 + 240233?
12232212
In base 9, what is -48 + 1626707?
1626648
In base 3, what is 11222012202 + 101221?
11222121200
In base 16, what is 5 - 1a32f9?
-1a32f4
In base 9, what is 0 - 580855420?
-580855420
In base 7, what is 2060201400 + -5?
2060201362
In base 11, what is 168 - -677?
834
In base 15, what is b4746c38 + -2?
b4746c36
In base 12, what is 1933a - -317?
19655
In base 6, what is 33 - -52322034?
52322111
In base 9, what is -730 - -2557?
1727
In base 6, what is -21330 - 3344?
-25114
In base 12, what is -ab - 5a02?
-5ab1
In base 2, what is -1100110011001010000111101111 + 101?
-1100110011001010000111101010
In base 13, what is -1911 - 44b9?
-60ca
In base 13, what is 83a1b + -75a?
83291
In base 4, what is 330012 - 2010021?
-1020003
In base 14, what is -21 - -ab5b71?
ab5b50
In base 11, what is 8486553 + -3?
8486550
In base 13, what is bb + -3bab99?
-3baaab
In base 5, what is -3204 + -23441201?
-23444410
In base 16, what is -d51d + 994?
-cb89
In base 2, what is 11111 + 1011011101110000111100?
1011011101110001011011
In base 3, what is 102210012 - 2022021221?
-1212111202
In base 14, what is 333d24 + 74?
333d98
In base 9, what is -2376657 + -8?
-2376666
In base 10, what is -35909 + -4593?
-40502
In base 5, what is -1343442 - 10214?
-1404211
In base 4, what is 3 + 1322012113030?
1322012113033
In base 16, what is 652c - -2b22?
904e
In base 12, what is 106285 - -5?
10628a
In base 14, what is -b + 353b03?
353ad6
In base 12, what is 23 + 11b12?
11b35
In base 11, what is -2926 - 90a1?
-10a17
In base 13, what is -6 - 2433713?
-2433719
In base 5, what is 3244032204 - -2?
3244032211
In base 16, what is 7fe + 5ee?
dec
In base 6, what is 5015 - -2510?
11525
In base 7, what is -42 + 36403455?
36403413
In base 9, what is 6 + 31674402?
31674408
In base 2, what is -1001100 + 1100110001111011000101?
1100110001111001111001
In base 3, what is -12 - -2220021220000201?
2220021220000112
In base 12, what is -283298 - 279?
-283555
In base 14, what is -166525d - -9?
-1665254
In base 7, what is 33 + 554140?
554203
In base 16, what is -d - 65